5 a composite number?
True
Is 725953 a composite number?
False
Is 105751 a prime number?
True
Is 1377371 a composite number?
False
Is 7369 prime?
True
Is 1814 prime?
False
Is 96071 prime?
False
Is 4309 a prime number?
False
Is 38543 a composite number?
False
Is 254 composite?
True
Is 33923 a composite number?
False
Is 27091 a composite number?
False
Is 391447 a prime number?
False
Is 628289 a prime number?
True
Is 1409 prime?
True
Is 158563 composite?
False
Is 71059 a composite number?
False
Is 6803 a prime number?
True
Is 25855 prime?
False
Is 12239 a composite number?
False
Is 6801 composite?
True
Is 668347 a prime number?
True
Is 2759 composite?
True
Is 1259 a composite number?
False
Is 13001 prime?
True
Is 5807 prime?
True
Is 147685 composite?
True
Is 2771 prime?
False
Is 112078 prime?
False
Is 5557 prime?
True
Is 25841 a composite number?
False
Is 105295 composite?
True
Is 352007 prime?
True
Is 8933 composite?
False
Is 13043 a composite number?
False
Is 259 prime?
False
Is 136879 composite?
False
Is 259793 composite?
True
Is 140317 a composite number?
False
Is 434647 composite?
False
Is 59461 a prime number?
False
Is 161 prime?
False
Is 729649 a composite number?
False
Is 16573 a composite number?
False
Is 679 a prime number?
False
Is 4729 a prime number?
True
Is 1541 a composite number?
True
Is 322979 composite?
True
Is 169 a prime number?
False
Is 49103 a composite number?
False
Is 5077 prime?
True
Is 1637 prime?
True
Is 1022759 a composite number?
True
Is 7069 prime?
True
Is 588151 prime?
True
Is 583483 prime?
False
Is 11897 prime?
True
Is 176413 a composite number?
False
Is 536909 prime?
True
Is 108119 composite?
True
Is 293 a prime number?
True
Is 368689 a composite number?
False
Is 15901 composite?
False
Is 1895431 a prime number?
False
Is 288547 a composite number?
True
Is 8501 a prime number?
True
Is 107971 prime?
True
Is 929941 composite?
False
Is 65339 a prime number?
False
Is 24281 prime?
True
Is 378011 prime?
True
Is 21691 a prime number?
False
Is 8803 composite?
False
Is 181477 a prime number?
False
Is 23269 composite?
False
Is 1298405 composite?
True
Is 89926 composite?
True
Is 2192731 composite?
True
Is 85081 a composite number?
False
Is 12481 composite?
True
Is 164823 a composite number?
True
Is 1193 prime?
True
Is 37217 a prime number?
True
Is 44999 a prime number?
False
Is 9071 a prime number?
False
Is 353035 a prime number?
False
Is 49867 a prime number?
False
Is 73735 a composite number?
True
Is 2921 a composite number?
True
Is 22891 composite?
True
Is 8189 composite?
True
Is 899303 a composite number?
True
Is 9199 prime?
True
Is 13238 composite?
True
Is 261241 a prime number?
True
Is 2442311 a composite number?
False
Is 159059 composite?
False
Is 353737 prime?
True
Is 83491 a prime number?
False
Is 122719 composite?
False
Is 7321 a composite number?
False
Is 107443 a prime number?
False
Is 699677 prime?
False
Is 77003 a composite number?
False
Is 4184467 a composite number?
True
Is 35395 a composite number?
True
Is 74551 a prime number?
True
Is 5939 composite?
False
Is 815 a composite number?
True
Is 3743 prime?
False
Is 34019 prime?
True
Is 40343 a prime number?
True
Is 4813 a composite number?
False
Is 35267 prime?
True
Is 757 a composite number?
False
Is 17462 composite?
True
Is 19263 composite?
True
Is 573 a composite number?
True
Is 153971 composite?
True
Is 96983 a prime number?
False
Is 4861 composite?
False
Is 983923 composite?
False
Is 42053 a prime number?
False
Is 28709 prime?
False
Is 111143 prime?
True
Is 34283 a prime number?
True
Is 16301 a composite number?
False
Is 21985 a composite number?
True
Is 18897 a composite number?
True
Is 10937 a composite number?
False
Is 16099 composite?
True
Is 3787997 prime?
True
Is 88937 prime?
True
Is 30713 prime?
True
Is 3779 a prime number?
True
Is 125449 a prime number?
False
Is 6349 a prime number?
False
Is 2099 a composite number?
False
Is 1042831 a composite number?
True
Is 2929 a composite number?
True
Is 210391 a prime number?
True
Is 5779 a composite number?
False
Is 125849 composite?
True
Is 23143 prime?
True
Is 3499 composite?
False
Is 1243 prime?
False
Is 3199 prime?
False
Is 49727 a composite number?
False
Is 1595465 prime?
False
Is 11099 prime?
False
Is 17729 a prime number?
True
Is 5557 a composite number?
False
Is 143809 prime?
False
Is 8665 a composite number?
True
Is 785959 a composite number?
True
Is 77069 composite?
False
Is 110183 a prime number?
True
Is 17669 composite?
False
Is 3793 a composite number?
False
Is 9671 a prime number?
False
Is 523903 prime?
True
Is 306473 prime?
True
Is 103583 composite?
False
Is 80479 prime?
False
Is 261223 prime?
True
Is 11957 a prime number?
False
Is 344417 a prime number?
True
Is 170669 a composite number?
False
Is 21089 prime?
True
Is 4604101 a prime number?
True
Is 105295 prime?
False
Is 517589 prime?
True
Is 1151 a prime number?
True
Is 116711 composite?
True
Is 789847 a composite number?
False
Is 5069 composite?
True
Is 70571 prime?
True
Is 5951 prime?
False
Is 11429 a prime number?
False
Is 498143 a prime number?
True
Is 127947 a composite number?
True
Is 19913 composite?
False
Is 2883769 prime?
False
Is 785089 a prime number?
False
Is 22433 a composite number?
False
Is 6121 composite?
False
Is 28979 a prime number?
True
Is 379531 composite?
False
Is 2333017 a prime number?
True
Is 22315 prime?
False
Is 12991 a composite number?
True
Is 101143 prime?
False
Is 8818 a prime number?
False
Is 4978559 composite?
False
Is 1511509 a prime number?
False
Is 5579 prime?
False
Is 266803 prime?
False
Is 139169 prime?
True
Is 4319 a composite number?
True
Is 5400053 a composite number?
False
Is 4109 a composite number?
True
Is 8419 composite?
False
Is 48437 a prime number?
True
Is 2003 a prime number?
True
Is 79617 composite?
True
Is 206993 a prime number?
True
Is 5347 a composite number?
False
Is 9337 composite?
False
Is 93307 a composite number?
False
Is 48883 a prime number?
True
Is 136622 a composite number?
True
Is 12403 a prime number?
False
Is 2815 prime?
False
Is 9347 a prime number?
False
Is 171449 composite?
False
Is 33639 a composite number?
True
Is 2194 composite?
True
Is 6469 a composite number?
False
Is 770741 prime?
True
Is 893 composite?
True
Is 451 a composite number?
True
Is 258469 a composite number?
False
Is 1003 a composite number?
True
Is 235951 a composite number?
False
Is 1685 prime?
False
Is 108689 composite?
True
Is 121279 a composite number?
True
Is 212117 a composite number?
False
Is 80071 composite?
False
Is 4331 prime?
False
Is 248473 composite?
False
Is 9029 composite?
False
Is 1219901 composite?
True
Is 63209 composite?
True
Is 40091 a composite number?
True
Is 9959 a composite number?
True
Is 393881 prime?
False
Is 7769 a prime number?
False
Is 1730195 composite?
True
Is 1247 composite?
True
Is 305083 prime?
False
Is 84395 composite?
True
Is 27667 a composite number?
True
Is 171293 composite?
False
Is 4618 a prime number?
False
Is 220355 composite?
True
Is 170531 composite?
True
Is 111955 a prime number?
False
Is 27143 a prime number?
True
Is 17933 a composite number?
True
Is 323321 prime?
False
Is 667 a prime number?
False
Is 499 a prime number?
True
Is 506909 prime?
False
Is 3562369 a prime number?
True
Is 174927 a prime number?
False
Is 297641 a prime number?
True
Is 19847 composite?
True
Is 125771 composite?
True
Is 79301 a composite number?
False
Is 18101 a prime number?
False
Is 50201 a prime number?
False
Is 5965 composite?
True
Is 14765 prime?
False
Is 1657 composite?
False
Is 1044079 a prime number?
True
Is 5161 a prime number?
False
Is 147973 composite?
True
Is 2828857 prime?
True
Is 8927 prime?
False
Is 8461 prime?
True
Is 21631 prime?
False
Is 4455283 a composite number?
True
Is 43481 a prime number?
True
Is 53147 prime?
True
Is 11467 a prime number?
True
Is 38983 a composite number?
True
Is 59893 prime?
False
Is 45701 composite?
True
Is 58637 prime?
False
Is 23417 a prime number?
True
Is 44633 prime?
True
Is 101399 a composite number?
False
Is 2019 prime?
False
Is 1770119 composite?
True
Is 397 prime?
True
Is 34841 prime?
True
Is 735535 composite?
True
Is 166087 a composite number?
True
Is 43361 a composite number?
True
Is 206593 a prime number?
True
Is 31085 a composit